r?
True
Let l = 1512 + -1066. Is l prime?
False
Let c = -85 - -144. Is c composite?
False
Suppose 2*o - 36 = -314. Let q = o + 350. Is q a prime number?
True
Let d = 39 - -12. Is d composite?
True
Let w(k) = 26*k + 10. Let g be w(8). Let p = g + -121. Is p a composite number?
False
Suppose -3*k + 2*k + 2*c + 4 = 0, -c + 16 = 4*k. Let m be (158/k)/((-5)/(-20)). Is m/2 - (-1 - -1) a prime number?
True
Let w = 110 + 77. Suppose -720 = -4*r + 4*n, -r - 9 = -2*n - w. Suppose -2*c + r = -0*c. Is c a composite number?
True
Is 24 - (5 + (-6 + 3)*1) a prime number?
False
Let h(n) = n**3 + 9*n**2 + 2*n - 2. Let x(y) = -y**2 + 7*y + 11. Let j be x(9). Is h(j) prime?
False
Is (-2)/(-2) + (-740)/(-2) prime?
False
Let p be (-1)/((-519)/516 + 1). Is p/3 - 4/(-6) prime?
False
Let t = -1 - -3. Let g be ((-1)/(-1) - t) + 1. Suppose -3*b + 0*b + 69 = g. Is b a prime number?
True
Suppose -4*a - 2*i + 12 = 0, -2 + 0 = -5*a + 4*i. Suppose -27 = -a*w + 103. Is w composite?
True
Let g(t) = 2*t**2 + 14*t - 7. Is g(-10) a composite number?
False
Suppose o = -5*i + 407, 5*i = o + 2*o - 1281. Is o prime?
False
Suppose -2*t - 22 = -4. Let w(l) = 32*l + 1. Let s be w(-1). Let k = t - s. Is k a composite number?
True
Let f = 872 - -381. Is f a prime number?
False
Suppose l + 3*l + 2*g - 4 = 0, -8 = -2*g. Is (77 + l + 1)*1 prime?
False
Let s = 139 - 64. Let j = s - 54. Let o = 44 + j. Is o a composite number?
True
Let p be (-54)/15 + (-4)/10. Let l = p - -26. Is l prime?
False
Suppose -4*d = -5*b - 15, 0*b - 4*b = 5*d - 70. Suppose d*i = 5*i + 125. Is i composite?
True
Suppose 5*n - 2573 = 4*k - 592, 0 = 4*n - k - 1576. Is n a composite number?
True
Let c be (8*-1)/(-4 - -2). Suppose -c*i + 3*d = -306, -6*d + 242 = 3*i - 2*d. Suppose -m - m = -i. Is m a prime number?
False
Let w(h) = -h**2 - 4*h - 3. Let j be w(8). Let s = 302 + j. Is s composite?
True
Let f be -1 + (0 - 2) + -15. Let o be (-34 + 1)*12/f. Is (-84)/(-8)*o/3 a composite number?
True
Let s(w) = 3*w**2 - 4*w + 4. Let z(m) = -m + 10. Let y be z(7). Is s(y) prime?
True
Let l be 1 + 2 + (0 - 0). Let y be (-24543)/45 - l/5. Is ((-2)/(-6))/((-2)/y) a prime number?
False
Let t = -1 + 3. Suppose 2*h - 838 = 4*x, 4*x = -t*h - 0*h + 838. Is h a prime number?
True
Let x = -4 - -9. Suppose -944 = x*a - 3*v, -37 + 239 = -a + 5*v. Let o = a + 278. Is o a prime number?
False
Suppose -75 = -s - 2*s. Is -2*(1 + s/(-2)) prime?
True
Let a(d) = 4*d**2 - 1. Let n(t) = t - 4. Let s be n(6). Let c be a(s). Is 522/c - 2/(-10) a composite number?
True
Let h = -42 - -29. Let z be (-111)/(-39) - 2/h. Suppose z*q + 1 = 13, 5*x - 201 = -4*q. Is x a prime number?
True
Let d = 2 + 0. Suppose d*y + 2*y - 12 = 0. Is (-43)/(-3) + 2/y composite?
True
Suppose 2*i = i + 1. Suppose 5 = 4*w + i. Is w/(24/21 + -1) a prime number?
True
Suppose -3*q = -q + 10, 2*q = -u - 8. Suppose u*h + 4*s + s = -39, 2*h - 3*s + 79 = 0. Let k = 129 - h. Is k composite?
True
Let f = -14 + 19. Let t(z) = -z**3 - 2*z**2 - z - 2. Let r be t(-2). Suppose 2*p - 64 = 5*q, f*q - 10 = -r*q. Is p prime?
True
Suppose -c + 12 = -3*c. Is (-2)/c + (-474)/(-9) a composite number?
False
Let x(j) be the third derivative of 29*j**4/24 + 4*j**3/3 + 2*j**2. Let q(g) = 15*g + 4. Let n(h) = -7*q(h) + 4*x(h). Is n(3) a prime number?
True
Is (662/(-8))/(7/(-56)) composite?
True
Let v(b) be the first derivative of 3 - 1/3*b**3 + 37*b - 1/2*b**2 - 1/4*b**4. Is v(0) composite?
False
Suppose 3*g - 4155 = 5*a, -2*g = a - 3*a - 2770. Is g a composite number?
True
Let d = 247 - 156. Is d a composite number?
True
Let c = -1855 - -3648. Is c a composite number?
True
Let v(a) = -a**3 + 6*a**2 - 7*a + 3. Let u be v(5). Let n = u + 11. Suppose -2*o + 4*o - 5 = -s, 5*s + n*o = 43. Is s prime?
True
Let c = -527 - -792. Is c prime?
False
Let t(v) = 2*v - 5. Suppose -2*y - 2*y + 16 = 0. Is t(y) prime?
True
Let a(m) = m**3 - 5*m**2 - 8*m - 5. Let b = 0 + 7. Is a(b) a prime number?
True
Let j = 5692 + -2807. Is j composite?
True
Let j(o) = 4*o**3 - o**2 - 6*o + 5. Let r be j(6). Suppose 2*f = -5*t - r, -f + 6 = 2. Let q = -84 - t. Is q a prime number?
False
Let q(a) = 7*a**2 + a - 14. Let b(x) = -3*x**2 - x + 7. Let s(o) = -5*b(o) - 2*q(o). Is s(-6) composite?
False
Suppose 5*f - 176 = 169. Is 1*1/(1/f) composite?
True
Let r(i) be the second derivative of -2*i**3/3 + 3*i**2/2 + 3*i. Let l be r(-3). Suppose f = 4*d - 155, 5*f = -0*f - l. Is d a prime number?
False
Let s(m) = -m**3 - 3*m**2 + 3*m - 4. Let z(w) = -w**2. Let r be z(-2). Let d be s(r). Suppose d*b = b - 23. Is b a prime number?
True
Let l(k) = -3*k + 1. Is l(-12) a composite number?
False
Suppose 0 = 4*m + m - 845. Suppose 2*y - m = -51. Is y a composite number?
False
Suppose 0*w + 2*n - 12 = -4*w, -15 = -5*w - n. Is w/6*22*11 composite?
True
Let h be (-1 + 1)*3/6. Let l be (-129)/(-27) - 2/(-9). Suppose -l*f - m + 445 = h, -2*f + 5*f = m + 267. Is f composite?
False
Suppose y = -a + 29, 3*y = 4*a + 53 + 48. Is y a composite number?
False
Let g(m) = 47*m**2 + 3*m - 2. Let b be g(2). Suppose n + 757 = 3*r, 3*r - b = -2*n + 553. Is r a prime number?
True
Let x(p) be the second derivative of -p**6/720 + 7*p**5/60 - p**4/6 + 3*p. Let n(y) be the third derivative of x(y). Is n(0) prime?
False
Let i(s) = 2*s**2 + 2*s - 3. Let b be i(-3). Suppose t + b = -f + 83, 3*t - 216 = -f. Let a = t + -22. Is a prime?
False
Suppose 2*g - 38 = -10. Let a = 127 - g. Is a a composite number?
False
Suppose -5*c = -4*z + 1, -3*c + 2*z = -6*c + 17. Let s be 0 - (2 - 214*1). Suppose r = -c*r + s. Is r composite?
False
Let q = 5 - -6. Suppose 0 = -3*g + 122 - q. Is g prime?
True
Suppose 2*j - 852 = -14. Is j prime?
True
Let g(c) = c**2 + 5*c - 4. Let f be g(-6). Suppose -348 + 22 = -f*j. Is j prime?
True
Let h = -123 + 263. Is h/(-16)*4/(-1) composite?
True
Suppose -5*s + 198 = s. Is s a prime number?
False
Let s = 125 - 79. Is s composite?
True
Let z be (-181)/(-4) + (-3)/(-4). Suppose 3*u = 5*u - z. Is u a composite number?
False
Let v be -1 + 2 + -1 + 0. Suppose v = -2*y + 254 + 8. Is y a prime number?
True
Let d = 1 + 22. Let q be (-2)/4*(5 - 13). Suppose u = d - q. Is u prime?
True
Let h(i) = -i**2 - 7*i + 7. Let g be h(-6). Suppose g*a - 17*a = -1588. Is a a prime number?
True
Let z(g) = g**3 + 17*g**2 + 14*g - 7. Is z(-15) a composite number?
False
Let d(c) = c - 5 + 19 + 15*c**2 + 3 + c**3. Is d(-12) a prime number?
False
Let t be 2/(-10) + (-22)/(-10). Let z(y) = 2*y + 3 + 6*y - t*y. Is z(3) prime?
False
Is (3/9)/((-1)/(-45)) a composite number?
True
Let z = 181 + 166. Is z a prime number?
True
Suppose 5*k + 2*w - 17 = 0, -2*w + 7 + 1 = 2*k. Suppose -2*o + k*z + 62 = 0, 24 = o + z - 7. Is o prime?
True
Let g(c) = -c**3 - 10*c**2 - 8*c + 5. Is g(-10) composite?
True
Suppose 2*g - 328 = o, -10 = g - 5*o - 165. Suppose 0 = 4*y + y - g. Is y prime?
False
Suppose 304 = i - w, 0 = -i + 6*i - 3*w - 1526. Is i composite?
False
Is (-6003)/(-27) - 2/(-3) a prime number?
True
Suppose 2*a = 3*a - 12. Suppose a = 2*r + 2*u - 2, u + 2 = 2*r. Is (-333)/(-6) + r/(-6) a prime number?
False
Let b(z) = -11*z + 13. Is b(-11) composite?
True
Let v(j) be the third derivative of j**5/15 + 11*j**4/24 + 5*j**3/6 + 2*j**2. Let c be v(-7). Suppose 7*p = 3*p + c. Is p a composite number?
False
Let v = -4 + 51. Is v prime?
True
Let m(o) = o. Let i(b) = -2*b - 1. Suppose 5*l = 2*g + 28, 3*g - 5*l + 32 = -0*g. Let y(t) = g*i(t) - 10*m(t). Is y(-5) a composite number?
True
Suppose -1673 = 2*q - 3*q. Is q a prime number?
False
Let v(y) be the first derivative of -y**4/4 - 8*y**3/3 + 3*y**2 + 11*y + 2. Let i be v(-9). Suppose -4*q + i + 54 = 0. Is q composite?
False
Let h be -2 - (-2)/2 - -307. Suppose -4*p + h = -p. Suppose -5*r + p = -163. Is r composite?
False
Suppose -w - k + 1159 = 0, 4*w - 595 = 4*k + 4073. Is w a prime number?
True
Let x = 120 - -67. Is x a composite number?
True
Suppose -3*c - 60 = -7*c. Let x be (1/1 + -3)/(-1). Suppose r - x*r = -3*w - c, 2*w = 3*r - 17. Is r a composite number?
False
Let z(d) = 19*d + 48. Is z(11) a composite number?
False
Let h(g) = g + 37. Suppose -5*w + 9 + 3 = 4*y, -5*w = -y + 3. Is h(w) a composite number?
False
Suppose -7*w + 17704 = w. Is w composite?
False
Let b(t) = -t - 3. Let a be b(-3). Suppose -3*k = p - 4*p - 231, k + 2*p - 83 = a. I